f j(29)?
2, 11
Let u(o) = -12*o + 4. Let p(d) = -17*d + 10. Let j(w) = 18*w - 11. Let s(m) = -5*j(m) - 6*p(m). Let q(n) = -5*s(n) - 6*u(n). What are the prime factors of q(1)?
13
Suppose -5*f - 16*g + 3465 = -14*g, 0 = -3*f - 5*g + 2060. What are the prime factors of f?
5, 139
Let f = -1 + 1. Suppose -d - 3*h + 79 = 0, 0 = h - f*h. List the prime factors of d.
79
Let u = 5 - -4. Let k(v) be the third derivative of v**5/60 - 7*v**4/24 - v**3/3 + 4*v**2. What are the prime factors of k(u)?
2
Suppose -7*h = -3*h. Suppose 3*o = b + 7*o - 85, 4*b - 2*o - 322 = h. What are the prime factors of b?
3
Let f = 126 - 214. Let q = 123 + f. What are the prime factors of q?
5, 7
Suppose 14 = -2*i + 2*n, -n = 4*i + n + 40. Let k = 64 + i. What are the prime factors of k?
5, 11
Let p(z) = 5*z - 58. Let k be p(16). Let j = k - 12. What are the prime factors of j?
2, 5
Let t = 8 - -9. Let v = t - 17. Suppose r + 0*f = 2*f + 14, v = r - f - 9. What are the prime factors of r?
2
Suppose 5*m - 275 = -5*v, 2*v + 245 = 7*v - 5*m. Let k = 118 - v. List the prime factors of k.
2, 3, 11
Let f = 254 - 200. List the prime factors of f.
2, 3
Let f = -7 + 5. Let o(l) = 17*l**2 + 3*l + 1. What are the prime factors of o(f)?
3, 7
Suppose -w + 2 = 0, 0 = -4*g + 5*w + 31 - 101. Let s = g - -17. Suppose s*z - 7*z + 104 = 4*o, -4*o = -5*z - 104. What are the prime factors of o?
2, 13
Let r(u) = -u**2 - 13*u - 18. Let g be r(-10). Let m = 24 + g. List the prime factors of m.
2, 3
Let l(q) = -61*q - 1. Let z be l(-1). Suppose -4*y + z = -92. What are the prime factors of y?
2, 19
Let k = -287 + 1566. List the prime factors of k.
1279
Let y = 3449 - 2190. What are the prime factors of y?
1259
List the prime factors of (-20763)/(-36)*(5/(-3) + 3).
769
Let q be (358/(-3))/((-14)/(-21)) + 4. Let z = 72 - q. List the prime factors of z.
13, 19
Suppose 4*o = 4*t + 28, 5*t + 28 + 2 = 4*o. Let p be ((-144)/(-10))/(t/(-10)). Suppose -7*v - 4*s = -3*v - p, 0 = -v + 2*s + 30. List the prime factors of v.
2, 11
Suppose 0 = -12*h + 3*h + 684. Let z = h + -22. List the prime factors of z.
2, 3
List the prime factors of (-8)/((-15174)/(-1899) - 8).
2, 211
Let x(o) = -7 - o**3 - 3*o**2 - 2*o**2 - 5*o - 2*o + 2*o. What are the prime factors of x(-5)?
2, 3
Suppose -3 - 51 = -6*c. Suppose 0 = c*b - 4*b - 1130. What are the prime factors of b?
2, 113
Let v = -74 - -77. Suppose 114 = -v*z + 6*z. List the prime factors of z.
2, 19
Suppose -o - g + 3 = 0, -3*o + 4*o - 11 = 3*g. Suppose -2*d + o*d - 150 = 0. List the prime factors of d.
2, 5
Let m(d) = 4*d**3 + d**2 - 108*d - 13. List the prime factors of m(11).
2, 1061
Suppose 13*j - 5704 = 5*j. List the prime factors of j.
23, 31
Let b(x) be the third derivative of 3*x**5/5 - 2*x**2. List the prime factors of b(1).
2, 3
Suppose 0 = 5*r - 0*r - 2580. Suppose -3*b = 3*b - r. List the prime factors of b.
2, 43
Let r(m) be the first derivative of 3*m + 4 + 0*m**2 + 1/3*m**3. What are the prime factors of r(-4)?
19
Let j = 67 - 98. Let p = 28 - j. What are the prime factors of p?
59
Let x(s) = -s**3 + 13*s**2 - 2*s - 8. Suppose 13*j - 2 - 154 = 0. What are the prime factors of x(j)?
2, 7
Suppose 7*m + 13 + 29 = 0. List the prime factors of 256/3 - -1*(-4)/m.
2, 43
Let m = 12 + -10. What are the prime factors of 6 + -3 - (-57 + m)?
2, 29
Let j = -1141 - -1635. What are the prime factors of j?
2, 13, 19
Let c(s) = -s + 7. Let b be c(5). Suppose b*p + 12 = 46. Let q = p + -10. List the prime factors of q.
7
Let l = -694 + 1226. List the prime factors of l.
2, 7, 19
What are the prime factors of ((-205)/2 + 2)/((-3)/4)?
2, 67
Let l(g) = -10*g**3 - 2*g**2 - 7*g + 6. List the prime factors of l(-3).
3, 31
Let r(m) = 5 + 9 - 4 + 15*m. List the prime factors of r(3).
5, 11
Suppose -5*w = 5*b - 65, 3*w + 2*b - 24 = 10. Suppose -2*x + 180 = 4*p, -3*x = -2*p - w*x + 98. What are the prime factors of p?
2, 11
Let j(v) be the first derivative of 2*v**3/3 + 6*v**2 + 12*v - 1. Let l be j(-11). Let z = -84 + l. List the prime factors of z.
2, 19
Suppose -6*s + 7753 + 3419 = 0. What are the prime factors of s?
2, 7, 19
Let q(n) = -n**2 - n. Let f be q(2). What are the prime factors of 3/f - 511/(-14)?
2, 3
Let v(a) = a + 10. Let l be v(-7). Let r be 2/(-3) + 23/l. Let h(y) = y**2 - 4*y - 1. What are the prime factors of h(r)?
2, 5
Let a = 376 - 150. What are the prime factors of a?
2, 113
List the prime factors of 9984/182*((7 - 2) + 2).
2, 3
Let p = 44 + -41. Let k = 15 + -10. Let f = k + p. List the prime factors of f.
2
Let q(u) = u + 2. Let f be q(0). Let x = -65 + 86. Suppose 4*l = 5*j - f*j - x, -21 = -3*j + 5*l. List the prime factors of j.
7
Suppose -g = 4*i - 287, -4*g + 1205 = 2*i - 5*i. What are the prime factors of g?
13, 23
Let s = 480 - 339. Suppose 3*y = -0*y + s. List the prime factors of y.
47
Let x = -18 - -19. What are the prime factors of (-2 - x) + (4 - -99)?
2, 5
Suppose 9*p - 8*p + 2 = 0. List the prime factors of (-78)/(3 + (p - 3)).
3, 13
Suppose 2*x = 5*x - 9. Suppose -2*i - i = 2*k - 20, x*k + i - 16 = 0. List the prime factors of 22 + -1 + (3 - k).
2, 5
List the prime factors of 300*(-1)/((-3)/4).
2, 5
Suppose -g + 99 = -657. Suppose 18*z - g = 11*z. What are the prime factors of z?
2, 3
Suppose -2*n - 4*m + 345 = -877, -3*m - 1215 = -2*n. What are the prime factors of n?
3, 7, 29
Let b(w) = 2*w + 14. Let p be b(-6). Suppose 5*d - 3 = -3*v + 3, -3*d + 4 = p*v. Suppose -17 = -g - d. List the prime factors of g.
17
Let d(x) = 4*x**2 + 14*x - 12. Let w be d(-8). Let k = 174 - w. What are the prime factors of k?
2, 3, 7
Let d(o) = -3*o + 5. Let u(z) = -10*z + 15. Let s(k) = -8*d(k) + 3*u(k). What are the prime factors of s(-5)?
5, 7
Let k(r) = 11*r - 229. What are the prime factors of k(29)?
2, 3, 5
Let m be ((-8)/3)/(4/12 + -1). What are the prime factors of 0 - 2 - (-125 - m)?
127
Let n be (-4 - 2)/((-3)/10). Suppose i + 2 = -0*i + 5*m, 5*i + 3*m = 18. Suppose n = i*j - 2*j. List the prime factors of j.
2, 5
List the prime factors of (0 + -9)*(-2016)/54 + 0.
2, 3, 7
What are the prime factors of (1 - -17)/(-5*(-6)/45)?
3
Let c(g) = -g**3 - 10*g**2 + 10*g - 5. Let l be c(-10). Let m = -79 - l. List the prime factors of m.
2, 13
List the prime factors of ((-30)/(-20))/(4/7304).
3, 11, 83
Let s(z) = z**2 + z + 3. Let b(n) = -n**2 + 3*n - 1. Let j be b(5). Let k = 18 + j. List the prime factors of s(k).
59
Suppose -4*h = -682 - 66. List the prime factors of h.
11, 17
Let t = 43 - 15. Let i = 10 - t. What are the prime factors of (-144)/i*(-5)/(-2)?
2, 5
Suppose 0*p - 3*p - 2*b = -309, 2*p = -b + 205. Suppose -4*h = -5*r + p - 982, 0 = 4*r - 12. What are the prime factors of h?
2, 7
Suppose 2*k + 2*t = 36, -2*k - 2*t + 6*t = -36. What are the prime factors of k?
2, 3
List the prime factors of 22/165 + 33356/30.
2, 139
Suppose 4008 = 9*v - 3*v. What are the prime factors of v?
2, 167
Let c = 91 + -4. Suppose -3*d - 4*r + c = 0, -14 = -5*d - r + 131. Suppose 5*n = i + d, 4*n + i = -0*i + 25. What are the prime factors of n?
2, 3
Let s = 885 + -813. What are the prime factors of s?
2, 3
Let m(g) = -g + 22. Let s be m(16). Suppose -o = -s - 49. List the prime factors of o.
5, 11
List the prime factors of ((-426)/(-12) + 0)/((-1)/(-36)).
2, 3, 71
Let t(m) be the first derivative of -5*m**2 + 10. Let f be t(-5). Let l = f + -33. What are the prime factors of l?
17
Let o be -6*(-45 + (-3 - 0)). Suppose -4*y - 5*v = -o, 3*y + 2*v - 146 = y. What are the prime factors of y?
7, 11
List the prime factors of 32/4*(2 + (-2648)/(-16)).
2, 5, 67
Let o(u) = 2*u**3 - 4*u**2 + u - 1. Let c = 4 + -1. Let y be o(c). Suppose 0 = -g - d + y, 9*g = 4*g - 4*d + 105. List the prime factors of g.
5
Let t(h) = h**3 + 5*h**2 - 10*h + 8. Let g be (((-32)/2)/2)/((-12)/6). What are the prime factors of t(g)?
2, 7
Let v(s) = s**2 - 12*s - 3. Let m be v(13). Suppose -5*x + m*x = 20. Suppose -q + 8 = x. List the prime factors of q.
2
Let y = 14 - 10. Let g(d) = d**3 - 4*d**2 - 6*d - 3. Let h be g(5). List the prime factors of h*((-28)/y - -4).
2, 3
Suppose 0 = o + 4*z + 77, 2*z - 3*z + 283 = -3*o. Let g = -21 - o. List the prime factors of g.
2, 3
Let j(k) = -92*k - 212. List the prime factors of j(-12).
2, 223
Let q(v) = -16*v + 4. Let m be q(10). Let t = m + 233. List the prime f